 What is m(-12)?
2271
Let a(l) = -2*l**3 - 181*l**2 + 456*l - 824. Determine a(-93).
13
Let n(k) = k**3 + 22*k**2 + 91*k - 96. Determine n(-15).
114
Let d(h) = -2*h**2 - 490*h - 19802. What is d(-51)?
-14
Let l(n) = 358*n - 3640. Determine l(10).
-60
Let m(v) = -v**3 + 35*v**2 + 68*v - 444. What is m(-7)?
1138
Let m(f) = 2913*f - 725327. What is m(249)?
10
Let h(q) = -q**3 - 74*q**2 - 1446*q - 13906. Give h(-51).
17
Let q(p) = 229*p**2 - 12135*p - 156. Determine q(53).
-50
Let l(j) = j**3 + 391*j**2 + 2431*j + 950515. Determine l(-391).
-6
Let d(q) = -4*q**2 - 337*q - 5535. What is d(-58)?
555
Let z(t) = t**2 + 248300*t + 9682148. What is z(-39)?
-31
Let t(p) = -p**2 - 186*p - 7119. Calculate t(-129).
234
Let g(s) = 22*s**2 - 980*s - 2290. What is g(48)?
1358
Let m(z) = -z**3 + 59*z**2 - 10*z + 575. Determine m(59).
-15
Let m(f) = -7639*f - 68720. Give m(-9).
31
Let j(o) = -10651*o + 10663. Determine j(1).
12
Let y(a) = 4*a**3 - 37*a**2 - 1664*a + 15049. What is y(9)?
-8
Let v(z) = -4*z**2 + 76*z + 3559. What is v(-21)?
199
Let i(o) = 4*o**2 - 193*o + 1631. Calculate i(37).
-34
Let t(w) = 149*w - 4706. What is t(22)?
-1428
Let x(r) = -12172*r - 12016. Give x(-1).
156
Let j(g) = -2*g**3 - 128*g**2 - 2030*g + 7. Calculate j(-36).
511
Let a(j) = -j**2 - 1481*j - 464624. Give a(-451).
-94
Let o(q) = 2*q**3 + 10*q**2 - 17095*q - 442. Determine o(90).
8
Let s(g) = 20*g**2 - 4302*g + 221233. Give s(130).
-27
Let u(a) = -5796*a - 42027. What is u(-7)?
-1455
Let q(c) = 35*c**3 + 4707*c**2 - 34659*c - 9. What is q(7)?
26
Let u(g) = -4472*g - 63023. Calculate u(-14).
-415
Let u(a) = -1123*a + 12216. Calculate u(11).
-137
Let f(q) = 20*q**2 + 111*q + 689. Give f(-6).
743
Let a(h) = -30*h**2 + 1352*h - 2587. What is a(2)?
-3
Let w(h) = -h**3 + 44*h**2 - 2051*h + 98531. Determine w(46).
-47
Let k(q) = 55*q**2 + 1651*q + 505. Determine k(-26).
-5241
Let l(g) = 370426*g - 1111211. Determine l(3).
67
Let g(k) = 174*k**2 - 1747*k - 2. What is g(10)?
-72
Let y(t) = -3033*t + 806430. Give y(266).
-348
Let t(l) = -99*l**3 - 2476*l**2 - 5*l + 547. Calculate t(-25).
47
Let d(x) = 5212*x + 10642. What is d(-2)?
218
Let d(y) = -y**2 - 827*y + 387771. Give d(334).
-3
Let d(w) = -w**3 + 349*w**2 + 5457*w + 71. Give d(-15).
116
Let y(q) = q**2 + 16*q + 342. Give y(-47).
1799
Let g(z) = 25*z**2 - 103*z - 2295. What is g(-7)?
-349
Let t(y) = -y**3 - 92*y**2 - 546*y - 9530. Calculate t(-87).
127
Let k(s) = -205*s**3 - 1637*s**2 + 22*s - 16. What is k(-8)?
0
Let n(k) = 12*k**3 - 152*k**2 - 219*k - 74. Determine n(14).
-4
Let n(s) = -11269*s + 100798. Determine n(9).
-623
Let k(f) = -f**2 + 74*f + 698. Determine k(0).
698
Let z(n) = 7*n**2 - 20813*n + 699541. Determine z(34).
-9
Let t(h) = 476619*h - 17158290. Calculate t(36).
-6
Let q(z) = z**2 - 16147*z + 403094. Give q(25).
44
Let u(o) = 2*o**3 - 807*o**2 + 2036*o - 12423. Calculate u(401).
8
Let r(u) = 10943*u + 350173. Give r(-32).
-3
Let l(n) = -2386*n + 474817. Calculate l(199).
3
Let k(z) = -32461*z - 3278570. Give k(-101).
-9
Let o(b) = -1124*b - 631. What is o(-1)?
493
Let z(y) = -2*y**2 - 8190*y - 814576. Give z(-102).
-4
Let c(w) = -294*w**2 - 1180*w + 5. Determine c(-4).
21
Let v(g) = -1969*g**2 - 7822*g + 182. Calculate v(-4).
-34
Let t(o) = -83826*o - 4442775. What is t(-53)?
3
Let g(o) = -754*o - 57276. Give g(-77).
782
Let y(a) = 4*a**2 + 6*a + 440. Determine y(0).
440
Let i(h) = -3*h**3 + 1372*h**2 + 13519*h + 11214. Determine i(467).
6
Let b(n) = -n**3 + 185*n**2 + 292*n + 15226. What is b(187)?
-108
Let n(d) = 2057*d - 738634. What is n(359)?
-171
Let c(a) = 2*a**2 + 682*a + 22427. What is c(-37)?
-69
Let p(l) = l**2 - 28*l - 342. Give p(-11).
87
Let v(j) = 2721*j - 10972. Calculate v(4).
-88
Let i(u) = 23671*u + 354668. What is i(-15)?
-397
Let j(c) = 5*c**2 + 7531*c - 15064. Give j(2).
18
Let n(i) = i**3 + 84*i**2 - 418*i - 29767. Calculate n(-85).
-1462
Let u(d) = -2*d**3 - 674*d**2 - 9039*d + 62. Calculate u(-14).
-8
Let c(k) = 10*k**3 - 386*k**2 - 25113*k + 53. Calculate c(73).
-20
Let b(z) = 3333*z - 586584. Determine b(176).
24
Let j(u) = -25866*u - 543168. What is j(-21)?
18
Let s(o) = -176425*o + 7233418. Calculate s(41).
-7
Let t(h) = 85452*h - 341302. Give t(4).
506
Let i(h) = 90*h**2 - 9037*h - 5351. What is i(101)?
2
Let h(y) = -y**2 - 46127*y + 3141251. Give h(68).
-9
Let t(q) = -379*q + 6539. Calculate t(19).
-662
Let g(y) = -14995*y + 59982. Calculate g(4).
2
Let q(h) = -2405*h - 21709. Give q(-9).
-64
Let o(k) = 7246*k - 152171. Calculate o(21).
-5
Let c(x) = -8287*x - 654662. Calculate c(-79).
11
Let n(u) = 2*u**2 + 74479*u - 74481. Give n(1).
0
Let d(a) = 5*a**2 - 1180*a - 3589. Calculate d(-3).
-4
Let b(t) = -38*t**3 + 383*t**2 - 66*t + 387. Give b(10).
27
Let k(p) = 115600*p + 578002. Give k(-5).
2
Let x(w) = 17*w**2 - 234*w - 859. Give x(-3).
-4
Let w(k) = -145*k**2 - 1339*k + 44. Determine w(-8).
1476
Let z(q) = 2*q**3 + 19*q**2 + 343*q - 113. What is z(-10)?
-3643
Let f(g) = -423*g**2 - 108287*g + 256. What is f(-256)?
0
Let k(h) = h**3 + h**2 + 7. Calculate k(-6).
-173
Let t(w) = -118*w**2 + 54*w - 406. Determine t(5).
-3086
Let j(w) = -3*w**2 - 917*w - 13669. What is j(-15)?
-589
Let g(h) = -704843*h + 2114517. Give g(3).
-12
Let g(h) = 2*h**3 + 44*h**2 + 64*h + 391. Calculate g(-21).
-71
Let h(p) = p**2 - 786*p + 625. Determine h(0).
625
Let h(d) = -4*d**3 - 32*d**2 + 24*d - 122. Give h(-8).
-314
Let r(k) = -47*k**3 - 20448*k**2 - 1311*k - 2545. Calculate r(-435).
65
Let a(y) = y**3 + 166*y**2 + 4999*y + 5833. Calculate a(-127).
-9
Let z(u) = u**3 + 55*u**2 - 256*u + 37. Calculate z(4).
-43
Let t(p) = 3*p**2 - 219*p + 3559. Calculate t(64).
1831
Let b(h) = -2*h**3 - 289*h**2 + 93*h - 7584. Give b(-145).
-44
Let n(z) = -2*z**2 + 112855*z + 1241654. Give n(-11).
7
Let m(t) = -1170*t + 507778. Calculate m(434).
-2
Let j(d) = -161*d - 322. Give j(-6).
644
Let b(v) = 247815*v - 17099227. Determine b(69).
8
Let k(t) = 559*t + 64846. Calculate k(-116).
2
Let w(j) = -6*j**2 - 317*j - 4735. Determine w(-22).
-665
Let p(u) = -54*u**2 - 13174*u + 496. What is p(-244)?
8
Let c(y) = 9522*y - 142853. Give c(15).
-23
Let j(n) = 6923*n - 1052298. What is j(152)?
-2
Let t(m) = 11*m**2 - 1455*m + 5644. Give t(4).
0
Let w(x) = -104*x + 11981. Give w(116).
-83
Let o(b) = -2*b**2 - 385*b + 485. Determine o(0).
485
Let p(f) = -9*f**2 - 410*f + 2254. Give p(5).
-21
Let n(j) = 89*j - 449. Give n(-10).
-1339
Let t(k) = 2*k**2 + 21*k - 55. Determine t(3).
26
Let g(x) = 4*x**2 + 132*x + 1071. Determine g(-17).
-17
Let d(r) = 22*r**2 - 87*r + 172. Determine d(2).
86
Let q(i) = 71623*i + 358027. What is q(-5)?
-88
Let g(i) = 280*i**2 + 48720*i + 15. Give g(-174).
15
Let y(g) = -7*g**2 - 155*g + 306. What is y(-23)?
168
Let v(k) = -142*k**2 - 2705*k + 115. Calculate v(-19).
248
Let x(m) = 581*m - 102292. What is x(176)?
-36
Let z(g) = 5740*g**2 + 63140*g + 5. Give z(-11).
5
Let p(s) = 5*s**2 + 226*s - 1242. Determine p(-47).
-819
Let h(d) = -7*d**2 + 9*d + 105. Determine h(13).
-961
Let m(b) = 14*b**2 - 8467*b + 15036. Give m(603).
-39
Let t(o) = 2*o**2 - 281*o + 1144. Calculate t(136).
-80
Let q(a) = 763*a**3 + 3*a**2 - 56*a - 59. Determine q(-1).
-763
Let w(k) = 3*k**3 + 2099*k**2 - 12707*k + 25. Give w(6).
-5
Let l(d) = 2*d**3 - 73*d**2 - 4*d - 27. Determine l(0).
-27
Let v(a) = a**2 - 74*a + 1320. Give v(36).
-48
Let q(k) = k**3 + 16*k**2 + 2459*k + 39298. What is q(-16)?
-46
Let s(l) = 1034*l - 1642. Calculate s(5).
3528
Let m(y) = -20058*y + 842429. Give m(42).
-7
Let u(j) = -353*j**2 + 97*j + 94. What is u(-1)?
-356
Let m(g) = 478*g - 182721. Calculate m(382).
-125
Let j(i) = i**3 + 137*i**2 - 17400*i + 3139. What is j(80)?
-61
Let w(h) = -h**3 - 55*h**2 - 150*h + 133. What is w(-52)?
-179
Let i(o) = -2*o**3 + 9*o**2 + 49*o + 342. Calculate i(9).
54
Let w(z) = -z**3 + 96*z**2 - 482*z + 2451. Give w(91).
-6
Let s(r) = -1940*r - 19991. Calculate s(-10).
-591
Let n(w) = -w**2 - 15570*w - 605795. Determine n(-39).
-86
Let b(p) = 20*p**3 + 2*p**2 - 43*p - 111. What is b(-2)?
-177
Let d(r) = -108835*r + 2176700. Calculate d(20).
0
Let f(v) = 47*v**3 + 2*v**2 + 307*v + 614. What is f(-2)?
-368
Let d(z) = -3*z**3 - 163*z**2 - 212*z + 158. Calculate d(-53).
158
Let b(g) = 40856*g + 40844. Give b(-1).
-12
L